 What are the prime factors of n?
37
Suppose 14 = 2*f - 2*s - 12, 3*f - s - 29 = 0. Let r be f*2/3*3/4. Suppose 2*m - 438 = -0*m + 2*b, -5*b = r*m - 867. List the prime factors of m.
2, 109
Let p(w) = 9*w**2 + 22*w - 52. Let a be p(-11). Let i = -473 + a. What are the prime factors of i?
2, 7, 23
Let t(j) = -j**3 - 14*j**2 - 14*j + 111. Suppose 5*l - 2*p + 88 = 0, 2*p - 7 = 1. List the prime factors of t(l).
7, 11
Suppose 2*w - 2*y - 26084 = 1172, -2*w = 4*y - 27286. What are the prime factors of w?
13633
Let p(c) = 24*c - 2. Let d be p(8). Let w = d - -4. Suppose 11*m - w = 224. List the prime factors of m.
2, 19
Let d(h) be the third derivative of h**5/20 + 5*h**3 + 17*h**2. Let m be d(10). Suppose -2*p + 4*p - 2*k = m, 2*p + 4*k = 360. List the prime factors of p.
2, 5, 17
Suppose 0 = -96*a + 97*a + 5. What are the prime factors of a - ((-6 - 139) + -5)?
5, 29
Suppose -153 = 3*p - 153, -t + 5*p = -891. List the prime factors of t.
3, 11
Suppose 7*u - 2*u + z - 20 = 0, u + z = 0. Suppose u*w = 13*w - 16. Suppose t - 219 = w*i - 3*i, -3*t = -5*i + 1055. What are the prime factors of i?
2, 107
Suppose 15*a - 30796 - 99959 = 0. List the prime factors of a.
23, 379
Suppose -4*d + 5*c = -11016, 6*c + 2761 = d + 3*c. What are the prime factors of d?
2749
Suppose 91 = 9*t - 8*t. Let m = t + -93. What are the prime factors of (-3)/m*1374*5/45?
229
Let g = -23433 + 55910. List the prime factors of g.
47, 691
Suppose -j - 3*b + 19 = 0, -5*b = 5*j - 3*j - 33. Suppose -3*c = j*i - c - 20, 3*i + 5*c = 29. Suppose -8*u = i*u - 1485. List the prime factors of u.
3, 5
Let u(l) = -2*l**2 - 11*l + 9. Let z(x) = -6*x + 24. Let r be z(5). Let w be u(r). Suppose -13 + 274 = w*q. List the prime factors of q.
3, 29
Suppose 32*u - 10649 - 12679 = 0. Suppose 5*l = -3*x + 705 + u, -3*x - 4*l = -1431. List the prime factors of x.
11, 43
Suppose 235*f - 231*f = 16. Suppose 20*u - 601 = 17*u - f*p, 2*p + 10 = 0. What are the prime factors of u?
3, 23
Suppose 0 = 4*v - 5*u - 608 - 82, u - 527 = -3*v. Suppose -5*t = 4*p - v, 0 = -3*t - 0*p + p + 105. Suppose 0 = -g + t + 1. List the prime factors of g.
2, 3
Suppose j = -12*q + 17*q - 56820, -34104 = -3*q + 3*j. List the prime factors of q.
11, 1033
Suppose 153*f - 4*d + 16832 = 157*f, 0 = 4*f + 5*d - 16834. What are the prime factors of f?
2, 3, 701
Let i(p) = -2*p + 11. Let r(x) = -3*x + 17. Let g(u) = 8*i(u) - 5*r(u). Let v be g(-1). What are the prime factors of (39/v)/((-87)/(-812))?
7, 13
Suppose -750428 = -293*u + 4359479 + 2368332. What are the prime factors of u?
25523
Suppose 1 = 2*v + 5*i, 0 = -5*v + i + 2*i - 13. Let m(s) = s**3 - 11*s**2 + 13*s + 6. Let a be m(10). What are the prime factors of v + -3 + 2 + a?
3, 11
Let n be (72/(-84))/(3/(-28)). Suppose -258 = -n*h + 2*h. Suppose 139 = 3*o + h. List the prime factors of o.
2
Suppose 0 = 4*m - 277 - 15. Suppose 3*z + 154 = 2*n, z - 4*n + m = n. Let x = 48 - z. List the prime factors of x.
2, 3
Let w = -19 - -40. Let j = 1264 + -1432. Let y = w - j. List the prime factors of y.
3, 7
Suppose 515*g - 7172984 = 13691069 - 2340018. List the prime factors of g.
35969
Let f(c) = c**3 - 5*c**2 + 6*c - 6. Let j be f(4). Suppose -j*k = -46 + 58. What are the prime factors of (k/(-14) - 1) + (-58280)/(-217)?
2, 67
Let p = 93 + -69. Suppose -4*a + 8*a = p. Suppose 3*t - a - 93 = 0. List the prime factors of t.
3, 11
Suppose -2*r - 152 = 3*y - 41, -10 = 2*y. What are the prime factors of (r/18 - -2)*-6 - -450?
2, 227
Let o = -8273 - -23132. What are the prime factors of o?
3, 13, 127
Let a(v) = -v**3 - 13*v**2 + 9*v - 6. Suppose 4*l + 55 = u, 4*u - 5 = 2*l + 19. Let r be a(l). List the prime factors of 4 + -1 + 0 + r/1.
67
Let s(a) = a + 40. Let t(j) = -j**3 + 12*j**2 - 25*j + 9. Let o be t(10). Let i = o + 24. What are the prime factors of s(i)?
23
Let n(o) = 10*o**2 - 39*o + 0*o**2 - 8*o - 4*o**2 + 16 - 2*o**2. What are the prime factors of n(-8)?
2, 3
Suppose -2*c - v - 3*v - 130 = 0, -325 = 5*c + v. Let n = 1751 + -1651. Let x = c + n. List the prime factors of x.
5, 7
Let a(f) = 5191*f + 798. What are the prime factors of a(10)?
2, 13177
Suppose 4*i - 397 - 48522 + 5695 = 0. What are the prime factors of i?
2, 3, 1801
Suppose 0 = -y + 3*y - 872. Suppose 2*n = -0*n - 4*b + y, 4 = -4*b. Let l = n + -114. What are the prime factors of l?
2, 53
Let s(u) be the second derivative of 21*u**3/2 - 91*u**2/2 + 252*u. List the prime factors of s(11).
2, 7, 43
Let x be 7/((-42)/4) + (-54512)/(-12). Suppose 4714 = 13*s - x. What are the prime factors of s?
2, 89
What are the prime factors of 4/22 + (-106864)/(-176)*76?
2, 3, 7691
Let x be (-11)/(-3) + 16/(-24). Suppose -9 = -x*h, 0 = -c + h - 3*h + 112. Suppose 5*u + 2 = y, -5*y = -2*y + 5*u - c. List the prime factors of y.
3
Let a = 3471 - 1573. Let x = -920 + a. List the prime factors of x.
2, 3, 163
Suppose -316 = -5*p + 3*p. Suppose 8*d = 9*d - p. Suppose -2*i - 2*a = -d, 4*i - 348 = 2*a + 2*a. What are the prime factors of i?
83
List the prime factors of (-46746)/84*1582/(-21).
7, 53, 113
Suppose -28*o + 275251 + 77280 = -346125. List the prime factors of o.
2, 3119
Let l(y) = -2*y**3 - 7*y**2 + 5*y + 197. List the prime factors of l(-23).
7, 11, 269
Suppose 27*n + 0*n - 328076 = -n. What are the prime factors of n?
11717
Let t = -7452 - -25353. Suppose t = 26*n + n. List the prime factors of n.
3, 13, 17
Suppose -3*x + 7*x = 2*n - 5812, 0 = n + x - 2915. Suppose 47*k = 33*k + n. List the prime factors of k.
2, 13
Let a be 8/36 + (-14)/(-18). Let c(o) = o - 7*o + 170*o**2 - 36*o**2 - 1 + 4*o. List the prime factors of c(a).
131
Let c(v) = -78*v + 35 - 17 + 18*v**2 + 2 - v**3 + 4*v**2. What are the prime factors of c(15)?
5, 17
Let z be 1 + 543 + -3 + 1. Let l = z + -360. Let o = 327 - l. List the prime factors of o.
5, 29
Let l(t) = -16807*t**3 + 147*t**2 + 150*t + 2. What are the prime factors of l(-1)?
2, 3, 2801
Let g = 20 + -14. Let k(m) be the third derivative of m**6/120 - m**5/12 + m**4/24 - m**3 - 97*m**2. List the prime factors of k(g).
2, 3
Suppose 291*z = 293*z + 34. Let w(v) = -v**2 - 38*v + 52. What are the prime factors of w(z)?
409
Suppose 14*u - 187 = -3*u. Suppose u*c + 135 - 1103 = 0. What are the prime factors of c?
2, 11
Suppose 7*b - 379213 + 25818 = 0. What are the prime factors of b?
5, 23, 439
Let n be (-3*(-3)/(-6))/((-8)/624). What are the prime factors of (n/(-15))/((-9)/765)?
3, 13, 17
Let h(i) = -11*i**3 + i - 1. Let n be h(-1). Let s be -24*(n/(-54) - 2/6). What are the prime factors of (-143 - 1)*s/(-18)?
2, 3
Let v = -172706 - -122005. What are the prime factors of 10/(-65) + v/(-91)?
557
Let y(d) = -2*d + 30. Let i be y(14). Suppose i*p = -3*h - 9, 5*p + 4*h + 6 = 1. Suppose -206 = -5*b + n, b - 4*n = -p*n + 42. What are the prime factors of b?
41
Let u(f) = 941*f - 1357. What are the prime factors of u(11)?
2, 3, 1499
Let g(i) = -38*i**2 + 5*i - 1. Let b be g(1). Let u = -20 - b. What are the prime factors of 220/u + -1 + 4/14?
3, 5
Let r = -24107 + 71463. List the prime factors of r.
2, 11839
What are the prime factors of (1 + -74)/(2 - ((-6196)/(-2064) + -1))?
2, 3, 43, 73
Suppose 13452 - 369729 - 412811 = -32*u. What are the prime factors of u?
2, 61, 197
Suppose 14856475 = 249*p - 7514968 - 2148583. What are the prime factors of p?
2, 53, 929
Let b(u) = -u**2 + 222*u - 878. List the prime factors of b(64).
2, 3, 19
Let v be (6/(-1))/(18/12 + -3). Suppose -2*o + 2551 + 4957 = 5*a, 0 = o - v. List the prime factors of a.
2, 3, 5
Let v = 1029 - 599. Suppose -4*l + 430 = 2*f, 2*f + 2*l - v = -0*f. What are the prime factors of f?
5, 43
Let h(m) = -99*m + 149. Let v(b) = -49*b + 74. Let n(j) = 2*h(j) - 5*v(j). List the prime factors of n(8).
2, 19
Let s be -1*(8 + -272)/(-3). What are the prime factors of 11/(s/(-6)) + 21956/16?
1373
Let j(r) = -r**3 - 17*r**2 + 12*r - 100. Let h be j(-18). Suppose 2*n - h*n = -2022. What are the prime factors of n?
337
Let r be 4/(-16) + 3/(-4). Let s = 139 + r. List the prime factors of s - (15/5 - 2).
137
Suppose -5*b + 72 = -1428. Suppose 0 = 2*c - 4*u - 2320, 4340 + b = 4*c - 3*u. What are the prime factors of c?
2, 5, 29
Let s = 200 - 194. Let f(m) = 71*m - 27. What are the prime factors of f(s)?
3, 7, 19
Let h = 89 + -69. Suppose -i + 12 = 4*b - 2